is divided by 26?
12
What is the remainder when 340716 is divided by 137?
134
Calculate the remainder when 26838 is divided by 509.
370
Calculate the remainder when 1778 is divided by 531.
185
What is the remainder when 3616 is divided by 3284?
332
What is the remainder when 2070 is divided by 344?
6
What is the remainder when 1245 is divided by 237?
60
What is the remainder when 2106391 is divided by 18?
13
Calculate the remainder when 10609 is divided by 59.
48
What is the remainder when 34387 is divided by 125?
12
What is the remainder when 55273 is divided by 801?
4
What is the remainder when 45875 is divided by 459?
434
What is the remainder when 39142 is divided by 28?
26
What is the remainder when 13399 is divided by 28?
15
Calculate the remainder when 24145 is divided by 558.
151
What is the remainder when 7539 is divided by 1509?
1503
Calculate the remainder when 99367 is divided by 15.
7
Calculate the remainder when 67846 is divided by 4.
2
What is the remainder when 6579 is divided by 188?
187
Calculate the remainder when 10067 is divided by 129.
5
What is the remainder when 18209 is divided by 4484?
273
Calculate the remainder when 477377 is divided by 61.
52
What is the remainder when 143661 is divided by 101?
39
What is the remainder when 1846 is divided by 346?
116
What is the remainder when 5151 is divided by 4510?
641
Calculate the remainder when 5637 is divided by 806.
801
What is the remainder when 59469 is divided by 19?
18
Calculate the remainder when 83792 is divided by 85.
67
What is the remainder when 436677 is divided by 12?
9
Calculate the remainder when 91935 is divided by 405.
0
What is the remainder when 258130 is divided by 129065?
0
What is the remainder when 13190 is divided by 101?
60
Calculate the remainder when 62461 is divided by 31226.
9
Calculate the remainder when 421 is divided by 247.
174
What is the remainder when 1405274 is divided by 241?
3
Calculate the remainder when 104180 is divided by 692.
380
Calculate the remainder when 197537 is divided by 119.
116
What is the remainder when 1471 is divided by 351?
67
What is the remainder when 27771 is divided by 2312?
27
What is the remainder when 366546 is divided by 247?
245
Calculate the remainder when 4286 is divided by 159.
152
Calculate the remainder when 129742 is divided by 136.
134
Calculate the remainder when 4832 is divided by 1183.
100
What is the remainder when 96886 is divided by 350?
286
What is the remainder when 593893 is divided by 39592?
13
What is the remainder when 19867 is divided by 137?
2
What is the remainder when 8107 is divided by 193?
1
Calculate the remainder when 109422 is divided by 15.
12
Calculate the remainder when 3084 is divided by 610.
34
Calculate the remainder when 1610 is divided by 126.
98
Calculate the remainder when 41940 is divided by 488.
460
Calculate the remainder when 7393 is divided by 85.
83
Calculate the remainder when 15061 is divided by 1003.
16
What is the remainder when 1573775 is divided by 432?
431
Calculate the remainder when 247048 is divided by 19003.
9
Calculate the remainder when 237832 is divided by 1858.
8
Calculate the remainder when 605 is divided by 8.
5
What is the remainder when 7467 is divided by 83?
80
What is the remainder when 5739 is divided by 479?
470
Calculate the remainder when 8639 is divided by 1726.
9
Calculate the remainder when 3917 is divided by 300.
17
What is the remainder when 16585 is divided by 473?
30
Calculate the remainder when 32772 is divided by 108.
48
Calculate the remainder when 141776 is divided by 13.
11
Calculate the remainder when 22587 is divided by 451.
37
Calculate the remainder when 73407 is divided by 13.
9
Calculate the remainder when 538963 is divided by 177.
175
What is the remainder when 2280 is divided by 713?
141
What is the remainder when 1973 is divided by 83?
64
What is the remainder when 8241 is divided by 1621?
136
Calculate the remainder when 1205 is divided by 697.
508
Calculate the remainder when 515 is divided by 467.
48
What is the remainder when 24857 is divided by 261?
62
Calculate the remainder when 8539 is divided by 198.
25
Calculate the remainder when 187473 is divided by 62489.
6
Calculate the remainder when 716555 is divided by 847.
840
Calculate the remainder when 2448 is divided by 369.
234
Calculate the remainder when 7501 is divided by 251.
222
Calculate the remainder when 8428 is divided by 78.
4
What is the remainder when 15833 is divided by 42?
41
Calculate the remainder when 11332 is divided by 2831.
8
What is the remainder when 421814 is divided by 210904?
6
Calculate the remainder when 15907 is divided by 3180.
7
Calculate the remainder when 57 is divided by 24.
9
Calculate the remainder when 34867 is divided by 158.
107
Calculate the remainder when 3010634 is divided by 87.
86
What is the remainder when 52804 is divided by 3106?
2
What is the remainder when 36605 is divided by 16?
13
What is the remainder when 205855 is divided by 292?
287
Calculate the remainder when 6873 is divided by 2291.
0
What is the remainder when 9311 is divided by 4617?
77
What is the remainder when 21174 is divided by 2645?
14
What is the remainder when 3089 is divided by 79?
8
What is the remainder when 668 is divided by 134?
132
What is the remainder when 12055 is divided by 73?
10
Calculate the remainder when 122 is divided by 4.
2
Calculate the remainder when 8654 is divided by 238.
86
Calculate the remainder when 188439 is divided by 90.
69
Calculate the remainder when 143630 is divided by 1422.
8
What is the remainder when 190069 is divided by 105?
19
Calculate the remainder when 547907 is divided by 819.
815
Calculate the remainder when 2127 is divided by 1855.
272
What is the remainder when 1932 is divided by 1266?
666
Calculate the remainder when 33601 is divided by 16799.
3
Calculate the remainder when 406 is divided by 13.
3
What is the remainder when 136273 is divided by 51?
1
Calculate the remainder when 17648 is divided by 1917.
395
What is the remainder when 147452 is divided by 3276?
32
Calculate the remainder when 91851 is divided by 243.
240
Calculate the remainder when 398746 is divided by 13.
10
Calculate the remainder when 530109 is divided by 9638.
19
What is the remainder when 1863665 is divided by 225?
215
Calculate the remainder when 186404 is divided by 458.
456
Calculate the remainder when 10667 is divided by 3550.
17
What is the remainder when 215888 is divided by 13?
10
What is the remainder when 44683 is divided by 399?
394
Calculate the remainder when 9794 is divided by 125.
44
Calculate the remainder when 212000 is divided by 453.
449
Calculate the remainder when 379528 is divided by 45.
43
Calculate the remainder when 339585 is divided by 81.
33
Calculate the remainder when 29867 is divided by 7248.
875
What is the remainder when 3141 is divided by 45?
36
Calculate the remainder when 5017 is divided by 417.
13
Calculate the remainder when 6031 is divided by 100.
31
What is the remainder when 10037 is divided by 910?
27
Calculate the remainder when 110187 is divided by 1198.
1169
What is the remainder when 5234 is divided by 1705?
119
What is the remainder when 258309 is divided by 64577?
1
Calculate the remainder when 122631 is divided by 449.
54
Calculate the remainder when 21357 is divided by 267.
264
What is the remainder when 758 is divided by 741?
17
What is the remainder when 1050078 is divided by 108?
102
What is the remainder when 123744 is divided by 19?
16
Calculate the remainder when 787 is divided by 507.
280
What is the remainder when 129419 is divided by 45?
44
Calculate the remainder when 106468 is divided by 7.
5
Calculate the remainder when 5184808 is divided by 666.
664
Calculate the remainder when 274957 is divided by 137472.
13
Calculate the remainder when 238413 is divided by 32.
13
What is the remainder when 1113521 is divided by 74234?
11
What is the remainder when 4587 is divided by 176?
11
What is the remainder when 102703 is divided by 37?
28
Calculate the remainder when 54011 is divided by 65.
61
What is the remainder when 8831 is divided by 215?
16
Calculate the remainder when 9718 is divided by 32.
22
What is the remainder when 56395 is divided by 173?
170
What is the remainde